to base 6
121
What is 6 (base 10) in base 9?
6
What is 0 (base 7) in base 2?
0
What is -4 (base 9) in base 11?
-4
Convert 5 (base 10) to base 8.
5
Convert -101011111 (base 2) to base 11.
-29a
Convert 3 (base 16) to base 10.
3
Convert -a (base 16) to base 12.
-a
16 (base 11) to base 3
122
10101 (base 2) to base 4
111
-1 (base 7) to base 14
-1
What is 2 (base 16) in base 6?
2
-1 (base 11) to base 3
-1
What is -12 (base 15) in base 3?
-122
What is -10 (base 13) in base 6?
-21
What is 11 (base 8) in base 13?
9
135 (base 12) to base 5
1220
What is 3 (base 11) in base 4?
3
Convert 124 (base 5) to base 9.
43
What is 30 (base 7) in base 15?
16
What is -3 (base 12) in base 3?
-10
1010 (base 2) to base 12
a
What is -110 (base 2) in base 14?
-6
-134 (base 8) to base 12
-78
Convert 134 (base 11) to base 13.
c2
39 (base 11) to base 7
60
What is 3 (base 15) in base 16?
3
20 (base 5) to base 7
13
-7 (base 16) to base 5
-12
-22 (base 4) to base 15
-a
What is 2 (base 15) in base 10?
2
-142 (base 8) to base 5
-343
What is 1 (base 13) in base 9?
1
0 (base 5) to base 7
0
a (base 12) to base 5
20
What is 39 (base 10) in base 15?
29
What is -3 (base 15) in base 16?
-3
What is -13 (base 6) in base 11?
-9
Convert 1 (base 4) to base 12.
1
Convert 11 (base 5) to base 14.
6
-1011 (base 2) to base 4
-23
8 (base 12) to base 11
8
-1220 (base 4) to base 3
-10212
What is 11 (base 12) in base 8?
15
What is 9 (base 12) in base 14?
9
Convert -17 (base 12) to base 3.
-201
What is -11 (base 2) in base 7?
-3
7 (base 14) to base 5
12
160 (base 10) to base 8
240
Convert -101 (base 4) to base 9.
-18
What is 53 (base 11) in base 14?
42
What is 1 (base 12) in base 11?
1
Convert 1201 (base 6) to base 15.
144
32 (base 8) to base 3
222
What is -7 (base 8) in base 5?
-12
What is -10 (base 3) in base 7?
-3
What is 3 (base 14) in base 3?
10
Convert 82 (base 9) to base 8.
112
What is -3 (base 15) in base 8?
-3
40 (base 8) to base 5
112
What is -1 (base 12) in base 10?
-1
Convert -1a (base 12) to base 14.
-18
-5 (base 12) to base 2
-101
Convert 111 (base 2) to base 8.
7
22 (base 3) to base 8
10
-232 (base 4) to base 12
-3a
-39 (base 14) to base 13
-3c
21 (base 3) to base 13
7
Convert -201 (base 6) to base 15.
-4d
-c (base 15) to base 13
-c
What is -223 (base 4) in base 6?
-111
What is 110 (base 4) in base 5?
40
77 (base 9) to base 11
64
What is 17 (base 9) in base 6?
24
Convert 8 (base 13) to base 7.
11
What is 8 (base 11) in base 15?
8
22121 (base 3) to base 8
350
Convert -220 (base 4) to base 15.
-2a
-2 (base 11) to base 8
-2
Convert 11011 (base 2) to base 6.
43
-69 (base 14) to base 3
-10110
-221 (base 3) to base 4
-121
Convert 1 (base 12) to base 6.
1
9 (base 11) to base 6
13
What is 21 (base 12) in base 4?
121
What is -5 (base 11) in base 4?
-11
-11011100 (base 2) to base 7
-433
What is 1121 (base 3) in base 14?
31
What is 164 (base 8) in base 14?
84
17 (base 16) to base 5
43
What is -15 (base 7) in base 14?
-c
What is -10 (base 3) in base 8?
-3
Convert -1110 (base 4) to base 8.
-124
-132 (base 5) to base 4
-222
What is -39 (base 16) in base 2?
-111001
What is 6 (base 8) in base 14?
6
Convert -13 (base 6) to base 9.
-10
What is 15 (base 8) in base 16?
d
What is 15 (base 10) in base 9?
16
Convert -6 (base 13) to base 2.
-110
What is 1 (base 3) in base 6?
1
Convert -22 (base 8) to base 11.
-17
What is 7 (base 9) in base 12?
7
22 (base 12) to base 3
222
203 (base 4) to base 3
1022
What is -16 (base 8) in base 15?
-e
11 (base 14) to base 7
21
Convert -132 (base 11) to base 9.
-183
What is -98 (base 10) in base 7?
-200
Convert -12 (base 12) to base 16.
-e
Convert 2 (base 7) to base 14.
2
Convert -6 (base 8) to base 3.
-20
What is -138 (base 12) in base 10?
-188
Convert -96 (base 11) to base 10.
-105
Convert -3 (base 11) to base 9.
-3
Convert 1022 (base 3) to base 14.
27
Convert 100 (base 3) to base 11.
9
-53 (base 13) to base 11
-62
What is -3 (base 5) in base 12?
-3
2 (base 3) to base 16
2
Convert 4b (base 14) to base 7.
124
-1 (base 9) to base 7
-1
125 (base 8) to base 16
55
Convert 3 (base 7) to base 6.
3
What is -3b (base 12) in base 11?
-43
15 (base 8) to base 2
1101
What is 13 (base 8) in base 16?
b
-55 (base 10) to base 11
-50
Convert -15c (base 14) to base 2.
-100010110
What is -a (base 11) in base 2?
-1010
What is -11 (base 2) in base 9?
-3
What is -5 (base 16) in base 7?
-5
-3 (base 13) to base 3
-10
What is -1 (base 13) in base 16?
-1
-65 (base 7) to base 16
-2f
2 (base 12) to base 16
2
-23 (base 7) to base 5
-32
What is -1100001 (base 2) in base 8?
-141
-26 (base 7) to base 10
-20
-14 (base 16) to base 6
-32
What is -100011101 (base 2) in base 11?
-23a
What is -1111 (base 2) in base 14?
-11
Convert -5 (base 10) to base 15.
-5
What is 2 (base 4) in base 14?
2
Convert -152 (base 12) to base 14.
-10a
24 (base 12) to base 6
44
81 (base 16) to base 14
93
-2a4 (base 11) to base 7
-1016
What is -36 (base 10) in base 4?
-210
Convert -1 (base 4) to base 7.
-1
Convert 17 (base 9) to base 2.
10000
What is -45 (base 13) in base 10?
-57
Convert 66 (base 8) to base 4.
312
Convert 223 (base 5) to base 3.
2100
What is 11101 (base 2) in base 12?
25
-1002 (base 3) to base 12
-25
220 (base 3) to base 4
120
Convert -5 (base 6) to base 13.
-5
What is -35 (base 14) in base 2?
-101111
Convert -24 (base 12) to base 8.
-34
4 (base 8) to base 15
4
What is 1 (base 6) in base 4?
1
What is 120 (base 15) in base 14?
143
What is -2 (base 15) in base 14?
-2
8 (base 14) to base 16
8
Convert -40 (base 12) to base 5.
-143
What is 3 (base 16) in base 6?
3
-2102 (base 4) to base 12
-102
10 (base 4) to base 5
4
Convert 10 (base 11) to base 5.
21
What is 6 (base 10) in base 8?
6
What is -222 (base 4) in base 16?
-2a
Convert 36 (base 9) to base 3.
1020
-11 (base 4) to base 15
-5
6 (base 7) to base 2
110
What is -10 (base 2) in base 14?
-2
Convert -54 (base 10) to base 14.
-3c
Convert -1 (base 7) to base 13.
-1
Convert 1a (base 16) to base 11.
24
Convert 4 (base 5) to base 10.
4
8 (base 10) to base 14
8
Convert 0 (base 14) to base 12.
0
Convert 12 (base 5) to base 11.
7
-18 (base 14) to base 11
-20
What is 98 (base 16) in base 5?
1102
-25 (base 14) to base 11
-30
What is -15 (base 7) in base 12?
-10
What is 42 (base 12) in base 16?
32
Convert 10000 (base 2) to base 7.
22
What is -6 (base 7) in base 9?
-6
16 (base 11) to base 14
13
Convert 43 (base 14) to base 11.
54
37 (base 13) to base 16
2e
Convert 9 (base 15) to base 13.
9
Convert -d (base 14) to base 9.
-14
What is 20 (base 9) in base 2?
10010
-100 (base 2) to base 15
-4
-3 (base 11) to base 8
-3
Convert -1a (base 13) to base 4.
-113
Convert 32 (base 7) to base 14.
19
1 (base 8) to base 4
1
-a (base 15) to base 6
-14
What is -21 (base 3) in base 13?
-7
-10 (base 2) to base 7
-2
Convert 41 (base 14) to base 8.
71
Convert 10 (base 3) to base 13.
3
-102001 (base 3) to base 15
-14d
25 (base 10) to base 9
27
What is -13 (base 5) in base 10?
-8
What is -16 (base 11) in base 16?
-11
What is -1 (base 7) in base 12?
-1
Convert -119 (base 12) to base 5.
-1130
Convert 10100 (base 2) to base 7.
26
What is -b8 (base 13) in base 12?
-107
Convert 1 (base 5) to base 10.
1
-1100101 (base 2) to base 14
-73
-4 (base 7) to base 12
-4
What is 7 (base 10) in base 2?
111
What is 6 (base 15) in base 9?
6
-41 (base 14) to base 7
-111
What is -20 (base 3) in base 6?
-10
e (base 16) to base 13
11
-3 (base 11) to base 4
-3
Convert 13 (base 11) to base 9.
15
2 (base 11) to base 4
2
Convert 37 (base 15) to base 5.
202
What is -23 (base 10) in base 7?
-32
What is 35 (base 12) in base 4?
221
What is d0 (base 16) in base 7?
415
74 (base 13) to base 10
95
What is 13 (base 16) in base 3?
201
Convert 65 (base 7) to base 13.
38
Convert -1b (base 15) to base 2.
-11010
0 (base 2) to base 11
0
Convert 3 (base 6) to base 16.
3
What is 8 (base 11) in base 16?
8
Convert -1 (base 10) to base 15.
-1
Convert 1 (base 14) to base 8.
1
-117 (base 14) to base 2
-11011001
Convert -2 (base 10) to base 7.
-2
Convert 15 (base 9) to base 16.
e
What is -3 (base 4) in base 15?
-3
-11101 (base 2) to base 13
-23
Convert -6 (base 12) to base 8.
-6
What is -1 (base 8) in base 4?
-1
Convert -20 (base 3) to base 9.
-6
Convert 2 (base 11) to base 5.
2
12 (base 11) to base 2
1101
Convert 25 (base 6) to base 13.
14
What is 1233